d by 34.
32
Let a(o) = 17*o - 4. Calculate the remainder when a(3) is divided by 12.
11
Let m = -54 - -61. What is the remainder when 16 is divided by m?
2
Let d = 371 - 196. Let l = 253 - d. Calculate the remainder when l is divided by 20.
18
Let m(x) = 3*x + 20. Calculate the remainder when m(5) is divided by 9.
8
Let b(x) = -x + 13. Let s = 12 + -8. Let v = s - 0. What is the remainder when b(0) is divided by v?
1
Let u = 59 - 36. Let j(n) = -n + 2. Calculate the remainder when u is divided by j(-6).
7
Let y = -67 + 70. What is the remainder when 12 is divided by y?
0
Suppose 0*x - 24 = -3*x + 3*k, 0 = -2*k + 10. What is the remainder when x is divided by 3?
1
Let c = -48 + 146. Suppose -4*d = 3*d - c. What is the remainder when 53 is divided by d?
11
Suppose 2*f + 3*w = -0*f - 54, 0 = -2*f + 2*w - 44. Suppose 2*u = -u + 138. Calculate the remainder when u is divided by f/9*(-6)/1.
14
Suppose 0 = -n - 2*f + 13, -n + 3*n - 28 = -2*f. Suppose 15 = g + 4. Suppose -g = -2*i + n. Calculate the remainder when 38 is divided by i.
12
What is the remainder when (-2)/(-3) + (-61)/(-3) is divided by 8 + 1 + -4 + 6?
10
Let i be (-182)/(-21) + 2/(-3). Suppose -2*s = -i, s + 16 + 16 = 4*x. Calculate the remainder when 34 is divided by x.
7
Suppose 2*i - 7*i - 2*f = -5, f = 3*i - 14. Calculate the remainder when 5 is divided by i.
2
Let o(j) = 5*j**2 + 2*j + 1. Let z be o(-1). Suppose -h + n - 21 = -2*h, 4*n - z = 0. Calculate the remainder when h is divided by 225/21 - 2/(-7).
9
Let a = -31 + 54. Calculate the remainder when a is divided by (-58)/(-5) - (-18)/45.
11
Let n(w) = -w**3 - 6*w**2 - 3*w + 6. Let v be n(-5). Calculate the remainder when (-1 + 13)*(-2)/v is divided by (-8)/(-3)*(-3)/(-2).
2
Suppose 0 = -3*c + 10 + 23. Suppose -4*s + 396 = 4*a - 0*s, 0 = 3*a - 3*s - 273. Suppose 1 = 3*n - a. What is the remainder when n is divided by c?
10
Let j = 12 - 7. Suppose -5*v = -b - 11 - 62, -v + 5 = -5*b. Suppose 0 = -3*p + v + 27. Calculate the remainder when p is divided by j.
4
Suppose 4*l - 4*j - 72 = 0, 3*l + 5*j + 31 - 109 = 0. What is the remainder when 39 is divided by l?
18
Let q be 0 + -1 - (-3 - 13). Calculate the remainder when 15 is divided by ((-18)/(-45))/(1/q).
3
Let t(x) = 4*x**2 + 3*x - 3. Let a be t(2). Let p = a + -10. Calculate the remainder when 33 is divided by p.
6
Let q(s) = -s**2 - 3*s + 3. Let x = 20 + -12. What is the remainder when x is divided by q(-3)?
2
Suppose i + 9 = 4*i. Let n = 6 - i. What is the remainder when 3 is divided by n?
0
Suppose 0 = -5*j + 6*j. Suppose -y = 2*f - 60, j = 2*f - y - 28 - 28. What is the remainder when f is divided by 8?
5
Let d be (3/5)/(1/10). Suppose d*t - 2*t = 100. What is the remainder when 97 is divided by t?
22
Let y be 9/(-27) + (-644)/(-6). Let z = y - 76. Calculate the remainder when z is divided by 17.
14
Suppose 4*n = 7*n - 21. Calculate the remainder when 25 is divided by n.
4
Let g = 27 - 12. Let x = 220 - 212. Calculate the remainder when g is divided by x.
7
Suppose 0*q - 78 = -3*q. Suppose 2*g - q = -2*s + 3*s, 3*g = -4*s + 28. Calculate the remainder when 21 is divided by g.
9
Suppose -7 = -r - 4*s, s - 4 = -3*s. What is the remainder when 27 is divided by (-12 + 3)/r + 18?
12
What is the remainder when (-20)/((-39)/60 - (-2)/5) is divided by 14?
10
Let s = -121 + 213. Calculate the remainder when s is divided by 24.
20
Let a(w) = 2*w**2 + 6*w - 14. Calculate the remainder when 123 is divided by a(-7).
39
Let v = -5 - -2. Let c = v - -6. Suppose -4*x = -c*y - 74, 4*x - 73 + 11 = -3*y. Calculate the remainder when 50 is divided by x.
16
Suppose -2*v = 3*v - 15. Suppose -4*c + 53 = -v. Suppose 0 = -t + 4*t + 5*j - 13, 2*t - c = -2*j. Calculate the remainder when t is divided by 6.
5
Suppose -m - 6 = m. Suppose -4*n + 49 = -15. Let k = n + m. Calculate the remainder when 25 is divided by k.
12
Suppose 2*o = -3*o - 15. Suppose 1 = -4*w + 9. Calculate the remainder when -3*(o + 3 + -1) is divided by w.
1
Let f(r) = -12*r - 6. Calculate the remainder when f(-6) is divided by 8/36 + 302/18.
15
Let t = 29 - 43. Let b = t - -32. Calculate the remainder when 35 is divided by b.
17
Let d(j) = j**2 + 4. Suppose 6*z - 10*z = -8. Suppose z*u = 5*u - 174. What is the remainder when u is divided by d(-4)?
18
Let h be -5 - 9/(-3) - 21. Let i = 0 - h. Calculate the remainder when 45 is divided by i.
22
Let l = 6 + -3. Suppose -3*k + 15 = 0, -3*w = -2*w + l*k - 58. What is the remainder when w is divided by 2 + -2 + (-11)/(-1)?
10
Calculate the remainder when 90 is divided by 19*(-11)/(-9) + (-4)/18.
21
Let y(c) = -c**3 - 4*c**2 + 5*c - 17. What is the remainder when y(-7) is divided by 32?
31
Let r(s) = -s**3 + 4*s**2 + 6*s + 3. What is the remainder when 46 is divided by r(5)?
6
Let n(j) = 8*j - 15. What is the remainder when n(8) is divided by 10?
9
Suppose -r - 5 = -1. Let l = 7 + r. Suppose 0*o + 8 = 2*o. What is the remainder when o is divided by l?
1
Calculate the remainder when 38 is divided by 3/((6/(-12))/(46/(-12))).
15
Let f = 58 - 18. Suppose -2*z = -0*z - f. Let c = -10 - -17. What is the remainder when z is divided by c?
6
Let o = -16 + 20. Calculate the remainder when 5 is divided by o.
1
What is the remainder when 53 is divided by (-1)/(4/(-72)) - 0?
17
Let h(u) = -5*u - 13. What is the remainder when h(-11) is divided by 9?
6
Let i(z) = -z**2 + 9*z + 3. Let f be i(9). Suppose 2*x + 8 = 5*o - 13, -x + 27 = 5*o. Suppose -x*w + f*w = 15. What is the remainder when w is divided by 8?
7
Let a = -53 + 65. Suppose -7*l + 5*i = -3*l - 174, 4*l - 180 = 2*i. What is the remainder when l is divided by a?
10
Let p = -2 + 8. Let m be (p/4)/(21/(-56)). What is the remainder when 35 is divided by 1*(m - -1) - -12?
8
Let c = -24 - -26. Suppose 6 = 5*b + 1. Calculate the remainder when c is divided by b.
0
Let a(x) = -x**2 + 3. Let w be a(0). Calculate the remainder when 15 is divided by -24*(-3 - (-8)/w).
7
Let h = 93 - 23. Calculate the remainder when h is divided by 37.
33
Let a(b) = -163*b - 1. Let w be a(-1). Suppose -3*y + 128 = n, -3*y + 3*n + w = y. What is the remainder when y is divided by 22?
20
Let t = -2 - -3. Calculate the remainder when t is divided by 1.
0
Suppose 4*o + 9 = 2*a + 3*o, o = -3. Suppose -145 = -2*q - a*q. What is the remainder when 113 is divided by q?
26
Suppose -l = 5*o - 157, 6*o - 113 = 2*o - 5*l. Let b(d) = 18*d**3 + 1 - 4*d + d + 0 + d. Calculate the remainder when o is divided by b(1).
15
Suppose -2*t + 15 = 3*m, -m + 5*t - 9 = 3. Suppose m*w + 30 = 84. Suppose a - 11 = w. Calculate the remainder when a is divided by 10.
9
Let s = -30 - -54. Calculate the remainder when (-3)/(-1) + -3 + s is divided by 13.
11
Let t be -22*3/(-6)*4. Let f = t - 26. What is the remainder when f is divided by 4*(1 - 3/(-2))?
8
Let t be 54 + (-2)/(4 - 2). Let y = t - 31. Calculate the remainder when y is divided by (-48)/(-9)*(-12)/(-8).
6
Let h = -20 - -20. Let t = 7 + h. What is the remainder when t is divided by 5?
2
Suppose -3*s = 4*n - 29, -4*s = 3*n - 0*n - 34. Let j(w) = -w + 99. Let p be j(0). What is the remainder when 47 is divided by (p/21 + -3)*s?
11
Let k = 21 - 10. Suppose 0 = -4*q - 4*t + 80, -q - 7 = -4*t - 27. What is the remainder when q is divided by k?
9
Let i(b) = -b**3 - 3*b**2 + b - 4. Let y(k) = -k**2 - k + 2. Let z be y(2). Let a = -2 + 7. Calculate the remainder when i(z) is divided by a.
3
Suppose -u + 9 = -2*u - 2*m, -3*u = 2*m + 15. Let h = 11 - u. Suppose -3*a + 3*c = 0, 4*a - 5*c + 0 = -5. What is the remainder when h is divided by a?
4
Suppose 0 = 2*l - w + 79, 3*w - 152 - 45 = 5*l. Let u = -28 - l. Let j = u - -5. Calculate the remainder when j is divided by 6.
5
Suppose -22*s - 54 = -31*s. What is the remainder when 46 is divided by s?
4
Let z(s) = s**2 - s - 3. Let o be (1*-3)/(2 + -3). What is the remainder when 9 is divided by z(o)?
0
Suppose 0 = -3*g + 2*g + 3, -3*g = 3*v - 93. Calculate the remainder when v is divided by 11.
6
Let d(g) = g**2 - 4*g + 3. Let q be d(4). Suppose -2*x - 12 = -q*x. Calculate the remainder when 22 is divided by x.
10
Suppose 2*y + 6 - 14 = 0. Suppose 0*j - 2*n = -2*j + 36, 69 = y*j - 5*n. Calculate the remainder when 61 is divided by j.
19
Suppose o = j - 2*o - 7, 0 = 3*j - o - 29. Let p be 12/5*j/(-3). Le